 2*d + 4. Let l be i(-2). Suppose l = -2*h - 4*h + 234. What is the tens digit of h?
3
Let p(s) = -s**3 - s + 5. Let a be p(0). Suppose -a*f + 288 = h, 4*f = 2*h - h - 297. What is the units digit of h?
3
Let f(u) = u**3 - u**2 + u. Let h be f(0). Suppose -4*k + 4 + 56 = h. What is the tens digit of ((-426)/k)/((-2)/5)?
7
Let y = -283 - -1148. What is the tens digit of y?
6
Let v(w) = -995*w + 267. What is the hundreds digit of v(-3)?
2
Suppose 2*f - f = -3, -2*f = -o + 897. What is the hundreds digit of -2 - o/(-6) - 3/(-6)?
1
Let u = 272 - 271. What is the units digit of u?
1
Suppose 1872 = 8*c - 2*c. What is the units digit of c?
2
Let t(i) = -i**3 + 6*i**2 - 6*i + 6. Let o be t(5). Let d(g) = 195*g - 8. What is the tens digit of d(o)?
8
Let m = 23 + -19. Let v(x) = 4*x**2 - 5*x + 2. What is the units digit of v(m)?
6
Let d(k) = -k**3 - 5*k**2 - 6*k - 9. What is the units digit of d(-9)?
9
Let i(f) = 2*f**2 + 11*f - 3. Let l be i(-6). Suppose l*a + 0*a = 141. What is the units digit of a?
7
Let v(z) = 17*z**2 - 12*z + 163. What is the hundreds digit of v(12)?
4
Let p(z) = z**3 + 17*z**2 - 7*z**2 - z + 1 - 4*z**2 - 5*z**2. What is the units digit of p(0)?
1
Suppose 0*o - 3*r = -5*o + 266, -218 = -4*o + 5*r. Suppose -110 = -3*q + o. What is the tens digit of q?
5
Let m = 15 - 20. Let h(f) = 3*f**2 + 2*f + 4. Let q be h(m). Suppose -2*r + q - 13 = 0. What is the units digit of r?
8
Let a = -10 + -1. Suppose -24*w - 13 = -397. Let v = a + w. What is the units digit of v?
5
Let t(j) = -12*j**2 - 440*j - 2. What is the units digit of t(-12)?
0
Let m = 161 - 162. What is the tens digit of 1412/15 + 26/30 + m?
9
Suppose 2*k + 3*f - 3 = 0, -24 = -3*k - 2*f - 7. Let p(i) = -i**3 + 10*i**2 + i - 15. What is the units digit of p(k)?
5
Let f(c) = -c - 5. Let s be f(0). Let l(u) be the second derivative of -u**4/12 - 5*u**3/3 + u**2/2 - 9*u. What is the units digit of l(s)?
6
Suppose -7*s = -1297 - 68. What is the tens digit of s?
9
Let u(q) be the third derivative of q**7/5040 + q**6/48 - q**5/15 - 4*q**2. Let w(i) be the third derivative of u(i). What is the units digit of w(-8)?
7
Let d be (-166)/(-4)*(5 + -9 - -2). Let w = 202 + d. What is the units digit of w?
9
Suppose -49 = y - 24. Let x = y + 75. What is the units digit of x?
0
What is the hundreds digit of (378 - 40)/(0 - -2*1)?
1
Let y(r) = -r**3 + 3*r**2 - 4*r - 12. Let d be y(6). What is the tens digit of (1*d)/(4/(-6))?
1
Suppose 30*j - 162 = 3*j. Suppose 9 = 3*b - 0*b. Suppose -y - 2*t + j = b*y, 4*y = 2*t + 2. What is the units digit of y?
1
Let z = 893 + -637. What is the units digit of z?
6
Let s(a) = a**2 - 5*a - 6. Let i be s(-10). Suppose k - 36 = 2*r + 3, -i = -4*k - 4*r. What is the tens digit of k?
3
Suppose 4*v - 3*m = -6*m + 858, 5*v - 5*m = 1055. What is the hundreds digit of v?
2
Suppose -4*h + 5*h - 16 = 0. Let q = h - 27. Let b = q + 48. What is the units digit of b?
7
What is the hundreds digit of 2 - 1 - 331*2/(-2)?
3
Let a(h) = -5*h - 8 + 11 + 7 + 4*h**3 + 6*h**2 - 3*h**3. What is the tens digit of a(-5)?
6
Let r = 515 + -306. What is the hundreds digit of r?
2
Let g = 9 + -7. Suppose 0 = -i - g*i. Suppose i = -2*u + 9 + 3. What is the units digit of u?
6
Let u(n) = 7*n**2 + 9*n + 15. Let q(f) = -4*f**2 - 5*f - 7. Let c(a) = -11*q(a) - 6*u(a). What is the units digit of c(5)?
2
Suppose 23*k - 122356 = -29*k. What is the hundreds digit of k?
3
Suppose 28*l = 15*l + 5525. What is the units digit of l?
5
Let n be (36/10 + -4)*25. What is the units digit of (-430)/(n + 5) - 5?
1
Let i(z) = 6*z**2 - 26*z - 1. Let m(y) = -5*y**2 + 25*y. Let o(t) = 4*i(t) + 5*m(t). What is the tens digit of o(15)?
8
Let x(b) = b**3 + b**2 - 6. Let j = -8 - -11. What is the tens digit of x(j)?
3
Suppose -413*g = -416*g + 3360. What is the tens digit of g?
2
Suppose 7*s + 20352 = 15*s. What is the tens digit of s?
4
Let h(c) = c**3 - 25*c**2 + 23*c + 25. Suppose q - 4 = -b - 3*b, 4*b = q - 44. What is the units digit of h(q)?
1
Suppose 8246 - 32054 = -16*q. What is the tens digit of q?
8
Let d(c) = 34*c**3 - 9*c + 26. What is the tens digit of d(2)?
8
Let v = 541 - 128. What is the tens digit of v?
1
Let f be (26/(-8))/((-6)/72). Let q = f + -20. What is the tens digit of q?
1
What is the hundreds digit of (17*-8)/(3/132*-8)?
7
Let t = -1587 + 1610. What is the units digit of t?
3
Suppose -8*w + 2*w - 1146 = 0. Let h = w - -312. What is the hundreds digit of h?
1
Suppose 9*j = 5*j + 1656. Suppose 0*l - l + j = 0. What is the tens digit of l/21 - 6/(-21)?
2
Let b(z) = -1985*z + 104. What is the thousands digit of b(-2)?
4
Suppose 4721 = d + d - 5*t, 3*d = 2*t + 7087. What is the units digit of d?
3
Suppose -4429 = 4*x + 2*h - 12469, 0 = -x + h + 2007. What is the units digit of x?
9
Suppose -47968 = -89*b + 57*b. What is the hundreds digit of b?
4
Suppose 2*g = -6*g + 4392. What is the units digit of g?
9
Let k(b) = -62*b - 196. What is the hundreds digit of k(-21)?
1
Let j be (-542)/(-15) + 10/(-75). Suppose -38*t + 120 = -j*t. What is the tens digit of t?
6
Suppose -19*o - 1137 = -21*o + j, -4*j - 4 = 0. What is the tens digit of o?
6
Let l(o) be the second derivative of 17*o**3/6 + o**2/2 - 4*o. What is the tens digit of l(6)?
0
Let h(y) = -6*y - 22. Suppose 29*v + 30 = 27*v. What is the units digit of h(v)?
8
Let q be (3/9)/(2/1182). Suppose -4*g + 8*g - 152 = -4*p, q = 4*g - 5*p. What is the tens digit of g?
4
Let n = 4302 - 2454. What is the hundreds digit of n?
8
Let s(l) = -2*l**3 + 8*l**2 - 12*l + 56. What is the units digit of s(-9)?
0
Let t(p) = -6*p + 4. Let b be t(2). Let j = b + 14. What is the units digit of j?
6
Suppose 5*z + 9 = 4. Let u(c) = 8*c**3 + c. Let b be u(z). What is the tens digit of (-10)/15 - 447/b?
4
Let r be 182*1/2*-1. Suppose 5*d - k + 776 = 0, -2*d + 4*k = 227 + 69. Let n = r - d. What is the units digit of n?
5
What is the hundreds digit of 95 - 95 - (0 + -162*1)?
1
Let k = -1049 - -1741. What is the tens digit of k?
9
Let s(g) be the second derivative of 2*g**3/3 + 24*g**2 - 17*g. What is the units digit of s(-8)?
6
Suppose 2*w + 198 = 1450. Suppose -3837 + w = -13*a. What is the units digit of a?
7
Let m(j) = -j**3 - 3*j**2 - 9*j + 10. Let f be m(-8). Let k = f + -266. What is the tens digit of k?
3
Suppose 7 - 19 = -2*h. Suppose -h*u + 2*u + 400 = 0. What is the units digit of u?
0
Suppose -15*a + 3113 = -9967. What is the tens digit of a?
7
Let g(p) = -35*p + 756. What is the hundreds digit of g(-59)?
8
Suppose 3*a = a. Let u = 5 - a. What is the units digit of (-1)/((-5)/20) + u?
9
Let y be 2/(-7) - 15360/42. What is the tens digit of (3/(-2))/(3/y)?
8
Suppose -3*n = -3001 + 682. What is the tens digit of n?
7
Let q be 27/4*(-84)/(-3). Suppose -v = 57 - q. Suppose 4*g - v = -40. What is the tens digit of g?
2
What is the hundreds digit of (-1)/(-1)*(-3 - -358)?
3
Let s(k) = k**2 + 34*k + 46. Let t be s(-14). Let c = 377 + t. What is the tens digit of c?
4
Suppose 0 = -2*g + 5*a - 33, 5*g + 3*a = -0*g - 5. Suppose j - 4*k - 11 - 4 = 0, 190 = 5*j + 3*k. Let b = g + j. What is the units digit of b?
1
Suppose 0 = -7*u + 2*u. Suppose 0*q + 1 = 4*q - k, u = q - k - 4. Let z(l) = 26*l**2 - l - 1. What is the units digit of z(q)?
6
Suppose 0 = -3*q - 9, -5*u + 6*q - q - 185 = 0. What is the units digit of (-9 + 369/45)/(2/u)?
6
What is the units digit of ((-62772)/108)/(10/(-9) + 1)?
1
Let p(n) = n**2 - n - 1. Let i be p(3). Suppose 8 = 4*f, 400 = i*w - 4*f - f. Suppose -86 = -3*y - 0*y - 4*g, -5*g = 3*y - w. What is the units digit of y?
4
Let b be (-10)/4*(-24)/10. Let c be 184/b + 10/(-15). Suppose 2*p + 165 = 4*a - 11, c = a + 3*p. What is the units digit of a?
2
Let m = 395 + 841. What is the units digit of m?
6
What is the hundreds digit of 11 + (-9 - -3) + 1915 + -2?
9
Let v = -55 + 73. Let j = v - -52. What is the tens digit of j?
7
Let x = 191 + -133. Suppose 47 + x = 3*j. What is the tens digit of j?
3
Suppose -930 = -5*z + 3*u, -3*u = -0*z + 4*z - 744. Let f = z + -123. What is the units digit of f?
3
Let q(v) = v**3 - 14*v**2 + 13*v + 9. Let r(x) = 2*x + 41. Let b be r(-14). What is the units digit of q(b)?
9
Let f(z) = -z**2 + 23*z + 199. What is the hundreds digit of f(25)?
1
What is the units digit of ((-28)/42)/(18574/4644 - 4)?
8
Suppose 2*r = -